n**3 + 9*n**2 + 2*n + 24. Let d be c(f). What is the highest common divisor of 36 and d?
36
Let m be (-156)/32 + (16 - 11) - (-1647)/72. Let k = 1862 - 1011. Calculate the highest common factor of m and k.
23
Let h be (-4352)/510*(-10)/4 - 4/(-6). What is the highest common divisor of 33 and h?
11
Let x(g) = g**2 + 12*g + 11. Let b be x(-11). Let k(f) = -6 + 19 + 1 - 7*f + b. Let t be k(-4). Calculate the highest common divisor of t and 105.
21
Let f = -2725 - -6469. Calculate the greatest common divisor of f and 78.
78
Suppose 7*h = -4*d - 9, 4*d - 12 + 9 = -3*h. What is the greatest common factor of d and 1695?
3
Suppose 0 = -2872*s + 2865*s + 133. Let h be (-2)/8 + (-915)/20. Let i be (6 - s)/(2/h). Calculate the greatest common factor of 13 and i.
13
Let n(l) be the first derivative of -l**2 + 53*l + 101. Let q be n(-6). What is the highest common factor of 260 and q?
65
Let s(l) = 38*l**3 + 16*l**2 - 123*l + 294. Let m be s(4). What is the highest common factor of 581 and m?
83
Let t(g) = -21*g + 13. Let z(i) = -63*i + 39. Let f(v) = 7*t(v) - 2*z(v). Let c be f(0). What is the greatest common divisor of c and 26?
13
Let b be 60/(-15) - -11 - -1487. Calculate the highest common factor of b and 90.
18
Let q(z) = 197*z - 58. Let m be q(2). What is the highest common divisor of m and 2037?
21
Let w = 6 + 2. Let f be (2*1)/((-7)/434*-4). Suppose 4*u = 65 + f. Calculate the greatest common factor of u and w.
8
Let n = -63 + 55. Let j(r) = -r**3 - 5*r**2 + 13*r - 20. Let g be j(n). Calculate the highest common divisor of 544 and g.
68
Let i(h) = 4*h**3 - 21*h**2 + 12*h - 60. Let j be i(6). Let m = 106 - 76. Calculate the greatest common divisor of j and m.
30
Let y(x) = -10*x - 56. Let l be y(-8). What is the highest common divisor of l and 168?
24
Let g(z) = -z**3 + 9*z**2 + 14*z + 13. Let h(s) = -3*s**2 - 34*s - 1. Let f be h(-11). Let r be g(f). Calculate the greatest common factor of 371 and r.
53
Let j be 10/(-12) - (-2 - (-10212)/(-72)). What is the greatest common factor of 308 and j?
11
Let u(o) = -4*o**2 - 17*o. Let f(d) = -5*d**2 - 18*d + 1. Let p(n) = -6*f(n) + 7*u(n). Let r be p(-4). What is the greatest common divisor of 20 and r?
10
Let a(j) = j**3 - 9*j**2 + 3*j - 15. Let w be a(11). Let k(s) = 9*s - 43. Let h be k(12). Calculate the highest common divisor of w and h.
65
Suppose -86*i = 90*i - 16*i - 261280. What is the highest common divisor of 213 and i?
71
Let t(r) = -36*r + 3. Let g be t(-3). Let f = -1559 + 1625. Let w = g - f. Calculate the highest common factor of w and 15.
15
Let j = -33 - -30. Let r be j/9*1/((-4)/852). Let f = 73 - r. What is the highest common factor of 16 and f?
2
Let q be (-2 - 528/(-18)) + (-4)/(-6). Suppose 0 = g + b - 0*b, 0 = 5*g - 2*b - q. Suppose g*c + 18 - 270 = 0. Calculate the greatest common factor of 21 and c.
21
Let n = 17 - 40. Let m = n + 25. Suppose 4 = 2*b - 0*v - m*v, 13 = 5*b - 2*v. Calculate the greatest common divisor of b and 33.
3
Let c = 48 + -18. Let j(g) = 13*g**3 - 2*g**2 + 14*g - 13. Let w be (28/(-84))/(2/(-6)). Let y be j(w). Calculate the highest common divisor of y and c.
6
Let l(g) = 50*g + 0*g**2 - 226 + 2*g**2 + 215 - 3*g**2. Let n be l(14). Calculate the highest common factor of n and 17.
17
Suppose -95 = -3*i + 6*i - 2*x, 25 = -i + 2*x. Let d = 75 + i. What is the greatest common divisor of 10 and d?
10
Let j(a) = -3*a**3 - 14*a**2 + 4*a - 4. Suppose -2*i = u + i + 11, -23 = 5*u - i. Let w be j(u). What is the highest common divisor of 17 and w?
1
Let g(z) = z + 18. Let y be g(-14). Suppose 3 = y*p + 2*o + 9, 3 = -4*p - o. Suppose p = 3*l - 9 - 18. Calculate the highest common divisor of l and 18.
9
Let d = 1193 + 1857. Calculate the highest common divisor of d and 50.
50
Let l be 2/(-28) + (161140/392 - -14). Calculate the highest common divisor of l and 765.
85
Let l be ((-10)/(-2) - 8)/((-12)/304). Calculate the highest common factor of 418 and l.
38
Suppose -284*k + 617191 + 736609 = 152480. What is the greatest common divisor of 376 and k?
94
Suppose 0 = -12*n - 8*n + 241440. What is the greatest common divisor of n and 8?
8
Let q be 211/5 + 12/(-420)*7. Let b be 30/35 + 4836/q. What is the highest common factor of b and 4?
4
Let g(q) = q**3 - 7*q**2 - 19*q + 334. Let k be g(9). Let j = -5 - -30. Calculate the greatest common divisor of k and j.
25
Let r be ((-7)/14)/(2/(-8)). Suppose 29842 = 93*s + 254*s. What is the highest common divisor of r and s?
2
Suppose -4*m + 680 = -3*r - 88, -m + 2*r + 192 = 0. Let g = m - 171. Suppose -2*b = -b - 7. What is the highest common divisor of b and g?
7
Suppose 2*a + 5*y + 187 - 564 = 0, 3*a - 623 = 4*y. Let b = a - 182. What is the greatest common factor of 19 and b?
19
Let c be (-5)/55*-1 + (39186/(-66))/(-3). Calculate the greatest common divisor of c and 2222.
22
Let a = -15875 - -15945. What is the greatest common factor of a and 100?
10
Suppose -297*x - 85356 + 702420 = -49701. What is the greatest common factor of x and 25?
5
Let x(g) = g**3 + 13*g**2 - 24*g + 26. Let f be x(-14). Let w = f - 62. Calculate the greatest common factor of 52 and w.
52
Let v = 700 - 510. What is the highest common divisor of 494 and v?
38
Let y = 138 - 106. Let k be ((-6)/(-4))/(24/y). Suppose 3 = -j + 2*j, -k*w - 2*j + 230 = 0. What is the greatest common factor of w and 16?
16
Let t be ((-42)/(-9))/(1/12). Let f(n) = n**3 - 87*n**2 - 153*n - 2121. Let w be f(89). Calculate the highest common divisor of t and w.
8
Suppose 5*i - 2*s - 11 = 0, 3*i - 13 = -2*s - 0. Suppose 0 = -p - 5*v + 36, 136 = 5*p - 0*v + i*v. What is the greatest common divisor of p and 104?
26
Suppose c = -9*c + 665 + 5225. Calculate the highest common factor of c and 620.
31
Suppose 2*s + 0*u - 1 = u, 0 = -3*u + 15. Let w be (s/(-6))/((-9)/792). Calculate the greatest common factor of w and 572.
44
Let u = 929 - -1091. Calculate the highest common divisor of 180 and u.
20
Let i = 1383 + 788. What is the greatest common factor of i and 26?
13
Let f = -98 - -183. Let u = f - 83. Suppose 3*z = -4*d + 125, u*d - 10 - 45 = -3*z. What is the greatest common factor of 7 and d?
7
Suppose -52*l = -56*l + 20. Let v = 9 - l. Suppose 139 = v*j - 3*k, 113 = 3*j - k - 3*k. What is the highest common factor of 31 and j?
31
Let g(t) = 16*t**2 - t + 12. Let p be g(4). Let a = p + -93. Suppose 5*s + 26 = a. Calculate the greatest common divisor of s and 29.
29
Suppose 3*g = -4*i - i + 391, 2*g + 304 = 4*i. Suppose 3*v + 6*v + 171 = 0. Let u be (-2 + v)*(-8)/24. Calculate the greatest common divisor of u and i.
7
Suppose -3*z - z + 1300 = 0. Let u = 22750 + -22737. Calculate the highest common factor of u and z.
13
Let r(v) = -4*v + 20. Let u(f) = f - 2. Let d(n) = -r(n) + 3*u(n). Let k be d(5). What is the greatest common factor of k and 9?
9
Let g be -85 + 99 + 3 + -15. What is the greatest common divisor of g and 262?
2
Let z(x) = x**2 + 26*x - 902. Let w be z(20). Let y(n) = 2*n**2 - 16*n + 14. Let t be y(10). Calculate the greatest common factor of w and t.
18
Suppose -52*z = -53*z + 49. Let w = 201 - z. Calculate the highest common divisor of 38 and w.
38
Let w = 171 - 154. Suppose 21*h + 4*y = w*h + 620, 0 = 2*h + y - 313. Calculate the greatest common divisor of h and 2.
2
Suppose 0 = -68*h - 1472 + 2832. Calculate the highest common factor of h and 1790.
10
Let a(b) = -171*b**2 - 456*b + 186. Let i be a(-3). Let g = -3 + 2. Let k be 2 + 0 - g*58. What is the highest common factor of i and k?
15
Suppose 6*n = -25 + 43. Suppose 0 = 4*a + 4*f - 80, 24*a - 25*a - n*f + 26 = 0. What is the highest common factor of a and 153?
17
Suppose -82 = -5*m + 3*v, 3*v = 3 - 0. Let n = m - 3. Let q be (-3 + 7)*21/6. Calculate the greatest common factor of q and n.
14
Suppose 169*u - 531596 = 635011. What is the greatest common factor of u and 936?
117
Suppose -6*q = -q - 10. Suppose 0 = 2*u + 2*n - 124, 17*u = 14*u + 5*n + 218. What is the greatest common divisor of q and u?
2
Suppose -49*m + 464 + 222 = 0. What is the highest common factor of m and 24178?
14
Suppose 35*p = -12*p - 16732. Let f = p + 395. What is the highest common divisor of f and 26?
13
Suppose 75*k = 23*k + 3744. Calculate the highest common divisor of k and 7680.
24
Let k = -23729 - -23738. Calculate the greatest c